is divided by p.
6
Let y be 1*-4*1 + 2. Let u(h) = 3*h**2 - 2. Calculate the remainder when ((-3)/(-2))/(2/36) is divided by u(y).
7
Suppose 3*x - 62 = 4*r, -3*r = 3*x - x - 30. Calculate the remainder when 53 is divided by x.
17
Let q = -74 - -136. Let n(k) = -k**2 + 8*k - 7. Let g be n(6). Suppose -q = -g*b - 17. What is the remainder when 16 is divided by b?
7
Suppose -z + 3 = 2. Let i(p) = 7*p**3 + p**2 - 2*p + 1. Calculate the remainder when 13 is divided by i(z).
6
Suppose -1653 = -p + 2*p. Let q be 2/(-9) + p/(-27). Let h = q - 22. What is the remainder when h is divided by 20?
19
Let t(u) = u**3 + 5*u**2 + 3*u - 3. Let d be t(-3). Let y = d + 8. Suppose 0 = -2*n + y - 2. Calculate the remainder when n is divided by 4.
2
Let n = 6 - 6. Suppose -92 = -n*a - 4*a. What is the remainder when a is divided by (-76)/(-10) - (-4)/10?
7
What is the remainder when 17 is divided by 0 + 2 - 44/(-11)?
5
Let v(l) = -l + 6. Let j be v(3). Suppose -5*s = j*p - 62, 4*s = 2*p + s - 35. What is the remainder when 74 is divided by p?
17
Suppose -116 = -5*s + 3*s. Suppose -2*h = -4*n - s, -6 = n - 3. What is the remainder when h is divided by 12?
11
Let z = 24 + -17. Let f(i) = i**3 + 7*i**2 + 4*i + 1. Calculate the remainder when f(-3) is divided by z.
4
Suppose 4*o + c - 83 = 0, -3*o + 51 = -c - 2*c. Let y(j) be the second derivative of j**3/6 - 2*j. Calculate the remainder when o is divided by y(7).
6
Let m be -2*1 + 3 + 16. Let h = -5 + m. Calculate the remainder when 58 is divided by h.
10
Suppose 0 = g - 2*g + 26. What is the remainder when g is divided by (-5 - 91/(-14))*(5 + 1)?
8
Suppose 3*b = 112 + 8. Let t = 30 + 54. What is the remainder when b is divided by (t/16)/(2/8)?
19
Calculate the remainder when 26 is divided by 230/26 + (-6)/(-39).
8
Suppose -5*c - 1 = 5*k - 2*k, c + 3*k - 7 = 0. Let h be (c/(-4))/(4/(-56)). Calculate the remainder when (1 + 2 + -4)*h is divided by 4.
3
Suppose 0 = 96*x - 98*x + 74. What is the remainder when 71 is divided by x?
34
Suppose -2*z = 3*q - 49, -2*q = -4*z - 7*q + 95. Let s = -1 + z. What is the remainder when 0/1 - (6 + -42) is divided by s?
17
Calculate the remainder when 90 + 8 + (3 - -2) is divided by 27.
22
Let w = -1 + 14. Suppose w = 3*m - 5. Calculate the remainder when 16 is divided by m.
4
Let h(l) = 3*l + 3. Suppose 5*x + 0*x - 20 = 0. Calculate the remainder when 12/x + -2 + 34 is divided by h(3).
11
Let z = 66 + 6. Suppose 0 = -2*n + 6*n - z. What is the remainder when 52 is divided by n?
16
Suppose 0*l + 2*l = 2. Let m be l/((-3)/49)*-3. Suppose -2*k + 5*p + m = 0, -k + 56 = 2*k - 4*p. What is the remainder when 23 is divided by k?
11
Let r(j) = -j - 7. Let g be r(-6). Calculate the remainder when g/1*(0 + -50) is divided by 17.
16
Suppose -8 = 4*j, 25 = g - 0*j - 4*j. What is the remainder when g is divided by 6?
5
Let r be 0 - (1 + (0 - -29)). Let j = r - -43. What is the remainder when 49 is divided by j?
10
Let l be 670/20 + 6/(-4). Let f = l + -23. Calculate the remainder when 24 is divided by f.
6
Calculate the remainder when 26 is divided by (-2 - 0)/(16/(-56)).
5
Let m(r) = 37*r**2 + 4*r - 7. Let i(n) = -12*n**2 - n + 2. Let x(s) = -7*i(s) - 2*m(s). What is the remainder when x(2) is divided by 14?
10
Suppose -2*m + 50 = -4*s, -2*s + 13 = m + 4. What is the remainder when 152 is divided by m?
16
Suppose -6*j + 3*j = 3*s - 18, -3*j + 30 = -3*s. What is the remainder when 37 is divided by j?
5
Suppose 3*c - 51 - 3 = 0. Let g(d) = d - 6. Let t be g(10). Let w = 14 - t. Calculate the remainder when c is divided by w.
8
Calculate the remainder when 82/4 + (-1 - 9/(-6)) is divided by 8.
5
Suppose 2*d - d - 2 = 0. Let i = d - 3. What is the remainder when 17 is divided by ((-2)/(-3))/(i/(-9))?
5
Let d be (6/(-4))/((-1)/(-2)). Let z(k) = k + 5. Let o be z(d). Calculate the remainder when -2 + (118 + o)/2 is divided by 20.
18
Let q = 14 - 5. What is the remainder when q is divided by 6?
3
Let v(h) = 8*h + 3. Let r be v(-10). Let g = r - -123. Calculate the remainder when g is divided by 16.
14
Let h be 24/10 + (-10)/25. Let m be h/(-2)*6*-1. Suppose 0 = -4*g + 8, 84 = 5*o - g + m. What is the remainder when 31 is divided by o?
15
Suppose 0 = 5*x + a - 88, -x + 4*a + 31 = 5. Calculate the remainder when x is divided by 13.
5
Let r(q) = -q**3 - q**2 + q + 17. Let p(b) = b**3 - 8*b**2 + 7*b. Let h be p(7). What is the remainder when 33 is divided by r(h)?
16
Let p(x) = 4*x - 4*x + x + 0*x - 1. Let l = 3 + -1. What is the remainder when p(6) is divided by l?
1
Let y(q) = -4*q - 2. Suppose 3*x + 5 = -1. What is the remainder when 10 is divided by y(x)?
4
Let i = -2 + 4. Suppose -2*k + 208 = 4*l - k, -i*k = -5*l + 260. Calculate the remainder when l is divided by 18.
16
Let z = 13 - 10. Let p(i) = 73*i - 1. Let w be p(1). Suppose -5*a - m = -3*m - w, -z*m = 3. Calculate the remainder when 40 is divided by a.
12
Let b be (-6)/24 + 103/(-4). Let c = 33 + b. Suppose -2*u + 26 = 5*f, 3*u - 2*f + 2 = u. Calculate the remainder when c is divided by u.
1
Let n(u) = -36*u + 35. Calculate the remainder when n(-4) is divided by 30.
29
Suppose 0 = -0*h + 3*h + 2*t + 26, 4*t - 28 = 2*h. Let i = -19 - h. Let u = 18 + i. What is the remainder when 24 is divided by u?
6
Let h = 66 - 45. What is the remainder when h is divided by 12?
9
Suppose 3 = -2*v + c, 0 = -v - 9*c + 4*c + 15. Let y be (1 + v)*(1 - 1). Let k = y - -16. What is the remainder when k is divided by 6?
4
Let x = 41 + -24. Calculate the remainder when 897/27 - (-2)/(-9) is divided by x.
16
Let t = 9 - 5. Suppose 4*x = 10*x - 108. Calculate the remainder when x is divided by t.
2
Suppose -28 = -z + 28. Let w = -33 + z. What is the remainder when w is divided by 6?
5
Suppose -4 = -2*t - 0. Calculate the remainder when 2 is divided by t.
0
Let m(h) = h. Let l be m(1). Suppose i + 0 = l. What is the remainder when 2 is divided by i?
0
Let l(m) = -3*m - 4. Let r be l(-3). Suppose 46 + 4 = -r*d. Let g = 3 - d. Calculate the remainder when 24 is divided by g.
11
Let u = 14 + -8. Let o = u - 1. Calculate the remainder when 13 is divided by o.
3
Suppose 5*k - k - 5*h - 8 = 0, -5*k = 5*h - 55. What is the remainder when 27 is divided by k?
6
Suppose 12 = -0*m + 4*m. Suppose m*x - 6*x = -4*l + 37, 15 = -x + 4*l. Let b = x - -18. Calculate the remainder when b is divided by 4.
3
Suppose -3*r + 3*d = -81, r = -4*r + 3*d + 135. What is the remainder when 53 is divided by r?
26
Suppose -2*z - 42 = -4*z - 5*w, -3*z + 72 = 3*w. Calculate the remainder when 50 is divided by z.
24
Suppose -19 = 4*u - 51. Let w = 13 - 8. What is the remainder when u is divided by w?
3
Calculate the remainder when 34 - (2 + -3 + -3) is divided by 10.
8
Let n be (1 + -2)*1 - -3. Suppose 3 = l - n. Suppose 3*o = -0*o - 4*y + 108, 3*o - l*y - 108 = 0. Calculate the remainder when o is divided by 13.
10
What is the remainder when 17 is divided by 6 - (3/3 - 5)?
7
What is the remainder when 51 is divided by 2/6 - (318/18)/(-1)?
15
Suppose s = -5, -5*k + 2*s - 5*s = -65. Suppose -3*o - 3*u + 39 = -2*o, 3*o - 4*u - 78 = 0. What is the remainder when o is divided by k?
14
Suppose -4*y + j + 26 + 19 = 0, -2*j = 2. What is the remainder when y is divided by 3?
2
Suppose -5*c + k + 9 = -0*c, 0 = -2*k + 2. Calculate the remainder when 4 is divided by c.
0
Suppose 3*x - 121 = 2*x + 4*m, -4*m = 8. Calculate the remainder when x is divided by 19.
18
Suppose 45 = 5*g - 5*k - 10, -5*g = 3*k - 87. What is the remainder when 55 is divided by g?
10
Let u(b) = b**2 + 6*b - 2. Let v be u(-7). Suppose -v*k + 4 + 16 = 0. What is the remainder when 10 is divided by k?
2
Let u(s) = -s - 3. What is the remainder when u(-9) is divided by 5?
1
Let u(d) = 0*d**3 - 3*d**2 - d**2 + 3*d**2 - 14*d**3. What is the remainder when 25 is divided by u(-1)?
12
Let l = 0 + 10. Calculate the remainder when 70/5 - (-6)/3 is divided by l.
6
Let y = 13 - 12. Let l = 16 + y. Calculate the remainder when 67 is divided by l.
16
Let c = 2 - 2. Calculate the remainder when 4/(-14) - 275/(-7) is divided by 11 - ((-1 - c) + 2).
9
Let c be 17/5 - 24/(-40). Let l be 10/c*(-4)/(-5). Suppose 0 = 4*t + 5*s - 175 - 24, l*s + 224 = 5*t. What is the remainder when t is divided by 24?
22
Suppose -16*c = -22*c + 30. What is the remainder when 1